v(-245).
-8
Let u(t) = t**3 + 60*t**2 + 110*t - 394. Give u(-58).
-46
Let a(z) = -4318*z - 807477. What is a(-187)?
-11
Let n(t) = -t**2 + 13070*t + 170047. What is n(-13)?
-32
Let c(r) = 66*r**3 + 458*r**2 - 26*r - 16. What is c(-7)?
-30
Let v(o) = -102*o**3 + 1529*o**2 + 9*o - 71. Calculate v(15).
-161
Let o(h) = -h**3 - 14*h**2 + 117*h + 24. Determine o(-20).
84
Let d(t) = 319*t + 2235. What is d(-7)?
2
Let p(m) = 2039333*m + 4078671. Give p(-2).
5
Let j(h) = 6*h**2 + 378*h + 2339. Give j(-56).
-13
Let f(t) = 6189*t - 185495. What is f(30)?
175
Let j(a) = 219*a**2 + 732*a + 95. Determine j(-2).
-493
Let d(h) = 5*h**3 + 744*h**2 - 50*h + 14744. Give d(-149).
-7
Let z(p) = -3499798*p + 31498183. Determine z(9).
1
Let q(g) = g**3 + 135*g**2 + 330*g - 8699. Calculate q(-132).
13
Let u(h) = -98*h**2 + 1378*h + 24. Determine u(14).
108
Let y(m) = -m**2 - 201*m - 4276. What is y(-177)?
-28
Let x(v) = v**3 - 1049*v**2 + 10397*v - 2. What is x(10)?
68
Let j(p) = -3*p**2 - 689*p + 25958. Give j(33).
-46
Let c(q) = 18195*q + 181786. Calculate c(-10).
-164
Let v(q) = 1972*q + 7892. Determine v(-4).
4
Let r(z) = z**3 + 486*z**2 - 95396*z - 601. What is r(150)?
-1
Let x(i) = -i**2 - 476048*i - 7140550. Determine x(-15).
-55
Let o(r) = -r**2 - 466*r + 30971. Determine o(61).
-1176
Let n(h) = -5668*h + 5418. Calculate n(1).
-250
Let r(t) = -t**3 + 37*t**2 + 275*t - 483. Calculate r(43).
248
Let k(d) = 13844*d**2 + 138448*d + 97. Determine k(-10).
17
Let n(j) = -753*j + 60925. What is n(83)?
-1574
Let d(r) = -106*r**2 - 55237*r - 60849. Calculate d(-520).
-9
Let c(b) = 777*b**3 + 4*b**2 + 213*b + 426. Give c(-2).
-6200
Let a(j) = -2*j**3 - 28*j**2 + 318*j - 742. What is a(-22)?
6
Let a(q) = -85*q**2 - 4702*q - 489. Determine a(-55).
996
Let k(x) = 325174*x + 1300713. Determine k(-4).
17
Let w(r) = -2*r**3 - 17*r**2 + 124*r + 78. Calculate w(-13).
-13
Let k(u) = u**3 + 73*u**2 - 1516*u - 217. What is k(-90)?
-1477
Let i(h) = 78078*h - 4684664. Determine i(60).
16
Let r(j) = 1136*j + 45786. Give r(-43).
-3062
Let s(d) = -13943*d - 153545. Calculate s(-11).
-172
Let g(q) = -1064*q + 152129. Calculate g(143).
-23
Let x(m) = m**2 - 25*m - 13401. What is x(129)?
15
Let l(c) = -60887*c + 5845167. Determine l(96).
15
Let h(w) = 20*w**3 - 161*w**2 + 261*w - 2026. Give h(8).
-2
Let l(a) = -a**2 + 11665*a - 28. Calculate l(0).
-28
Let i(t) = -t**3 + 210*t**2 - 327*t - 18506. What is i(208)?
6
Let d(v) = -3*v**2 + 441*v + 2148. Calculate d(152).
-132
Let h(o) = -330521*o + 2313388. Give h(7).
-259
Let h(s) = s**3 + 3085*s**2 + 2329353*s - 1763. What is h(-1766)?
3
Let t(a) = -12*a**2 + 2365*a + 32559. Determine t(210).
9
Let m(t) = 3*t**3 - 558*t**2 + 199*t - 37011. Determine m(186).
3
Let q(t) = -59*t**2 - 36*t - 20. Determine q(-3).
-443
Let s(y) = -20901*y - 146216. What is s(-7)?
91
Let q(m) = -82*m**3 - 983*m**2 - 323*m - 4023. Determine q(-12).
-3
Let l(d) = -4*d**3 - 872*d**2 - 1780*d - 11226. What is l(-216)?
6
Let i(w) = -191*w**2 + 18528*w - 108. Determine i(97).
-11
Let i(n) = n**3 - 60*n**2 - 8785*n + 92854. Calculate i(10).
4
Let x(q) = 2*q**3 + 190*q**2 + 203*q + 1511. Calculate x(-94).
101
Let l(o) = 102448*o - 204899. Calculate l(2).
-3
Let q(g) = -3*g**2 + 857*g - 15917. Determine q(20).
23
Let o(w) = -4*w**2 - 407*w + 35572. Give o(-158).
22
Let y(t) = -16*t**2 + 4444*t - 141705. Determine y(241).
3
Let g(p) = -7*p**3 + 498*p**2 - 3593*p + 120. Calculate g(63).
-6
Let x(y) = 140*y + 11993. What is x(-67)?
2613
Let g(m) = 29177*m + 2771819. Determine g(-95).
4
Let g(k) = 42*k**2 - 274*k - 241. Determine g(12).
2519
Let x(f) = -456*f + 43318. Give x(95).
-2
Let y(g) = 11*g**3 + 117*g**2 + 2*g - 29. Determine y(-11).
-535
Let o(v) = v**3 - 53*v**2 + 674*v + 105. Determine o(31).
-143
Let j(n) = 10*n**3 - 4*n**2 + 37*n + 69. What is j(5)?
1404
Let u(y) = -10540*y + 347822. Calculate u(33).
2
Let m(c) = 3316*c - 18092. Determine m(5).
-1512
Let u(w) = -13*w**3 + 54*w**2 - 2*w - 9. Determine u(4).
15
Let f(y) = -11728*y + 70094. Calculate f(6).
-274
Let c(y) = 6*y**2 + 342*y + 3. Give c(-9).
-2589
Let a(g) = 4*g**3 + 104*g**2 - 372*g - 7144. Determine a(-27).
-16
Let w(p) = -305*p**2 - 672*p - 85. What is w(-2)?
39
Let c(k) = 4465*k + 910935. Calculate c(-204).
75
Let m(o) = -345145*o - 4141738. Give m(-12).
2
Let z(u) = 2*u**2 - 69*u - 16. Determine z(20).
-596
Let x(d) = d**2 - 6693*d + 53499. What is x(8)?
19
Let q(n) = 14*n + 268. Determine q(-15).
58
Let s(k) = k**3 + 273*k**2 + 85*k - 50873. Give s(-272).
-9
Let w(o) = 1371*o - 16439. What is w(12)?
13
Let l(j) = -54107*j + 2164284. What is l(40)?
4
Let m(v) = v**3 + 36*v**2 + 72*v + 25. Calculate m(-34).
-111
Let u(n) = 168*n**2 + 2883*n + 11817. What is u(-7)?
-132
Let s(a) = 461035*a - 28123140. Determine s(61).
-5
Let z(o) = o**2 + 2480*o - 14926. Determine z(6).
-10
Let u(c) = 3*c**3 + 11*c**2 - 76*c - 98. What is u(-6)?
106
Let r(h) = h**2 + 205*h - 8514. Determine r(39).
1002
Let s(c) = 47*c**2 + 2074*c + 4194. What is s(-42)?
-6
Let u(p) = 214*p - 3438. What is u(16)?
-14
Let i(w) = 2*w**3 + 8*w**2 + 290646*w + 581287. Calculate i(-2).
11
Let g(k) = -17352*k + 329805. Give g(19).
117
Let z(l) = 5*l**3 - 6*l**2 - 4*l + 15. Determine z(-3).
-162
Let b(l) = 7*l**2 - 1667*l - 4980. Calculate b(-3).
84
Let z(y) = 1173*y**2 - 807024*y - 3. Determine z(688).
-3
Let z(u) = -19070*u + 19356044. Calculate z(1015).
-6
Let q(i) = 1127*i**2 + 44*i + 10. What is q(2)?
4606
Let c(t) = 128380*t + 12324461. Give c(-96).
-19
Let o(m) = -221*m + 2557. What is o(11)?
126
Let a(x) = -13*x**2 + 515*x + 5690. Give a(-9).
2
Let n(k) = 3*k**3 - 113*k**2 - 391*k + 4446. Determine n(40).
6
Let z(l) = -112*l**2 + 136463*l - 57244. Determine z(1218).
2
Let x(d) = d**3 + 23*d**2 - 485*d + 190. Determine x(13).
-31
Let h(m) = 45*m**2 - 10342*m - 1981. Calculate h(230).
-141
Let f(l) = 6746*l - 263108. Determine f(39).
-14
Let p(i) = -i**2 - 191*i - 4213. What is p(-40)?
1827
Let p(g) = -593*g - 5649. Give p(-9).
-312
Let r(t) = -1537*t - 152213. What is r(-99)?
-50
Let c(w) = -w**3 - 4*w**2 + 65*w - 304. What is c(-12)?
68
Let a(o) = 4*o**3 - 13*o**2 - 126*o - 204. Calculate a(-2).
-36
Let m(x) = -2*x**2 - 3728*x + 18453. What is m(5)?
-237
Let d(q) = -5*q + 598. Determine d(-230).
1748
Let a(n) = -1858*n**2 + 11149*n + 35. Determine a(6).
41
Let b(y) = y**3 + 88*y**2 + 137*y - 3084. Give b(-86).
-74
Let n(g) = -g**2 - 12485*g - 37463. Give n(-3).
-17
Let g(i) = 26*i**2 - 648*i + 1262. Calculate g(2).
70
Let x(s) = -s**3 + 101*s**2 - 7*s - 9214. Give x(100).
86
Let f(p) = -33*p**2 + 22260*p - 78507. Determine f(671).
0
Let t(w) = 1659*w - 2234. Determine t(1).
-575
Let x(b) = -b**3 - 1460*b**2 - 21679*b + 45. Determine x(-15).
105
Let n(v) = 4*v**3 + 126*v**2 + 175*v + 3515. Determine n(-31).
12
Let j(d) = -4*d**2 + 1790*d + 10647. What is j(-6)?
-237
Let f(d) = 272372*d - 21517389. Give f(79).
-1
Let s(l) = 2*l**2 - 2709*l - 18951. Determine s(-7).
110
Let z(a) = a**3 + 27*a**2 - 1532*a - 40490. Determine z(-26).
18
Let j(z) = -z**3 - 6*z**2 - 2*z - 16. What is j(9)?
-1249
Let x(c) = 63*c**2 + 698*c - 11377. Give x(9).
8
Let o(r) = r**3 + 9*r**2 + 4365*r + 34861. Give o(-8).
5
Let l(p) = 1799*p + 14485. Calculate l(-8).
93
Let c(z) = -93014*z - 92988. What is c(-1)?
26
Let w(u) = -9341*u + 37071. Determine w(4).
-293
Let j(a) = 3*a**2 - 127664*a + 382993. Give j(3).
28
Let d(t) = 188*t + 1746. Calculate d(-4).
994
Let i(p) = -19*p**2 + 205*p - 503. What is i(4)?
13
Let f(t) = -5*t**3 + 247*t**2 - 26*t - 2832. What is f(49)?
696
Let t(g) = 908*g + 58183. What is t(-64)?
71
Let v(a) = -1874*a + 3786. Give v(2).
38
Let b(z) = 4*z**2 + 8397*z - 33645. Give b(4).
7
Let x(d) = -120*d**3 + 708*d**2 - 266*d + 2036. Give x(6).
8
Let h(s) = -11*s - 3862. What is h(-347)?
-45
Let b(l) = 2*l**3 + 56*l**2 + 82*l + 548. Determine b(-27).
-208
Let u(a) = -a**3 - 426*a**2 + 608*a - 106149. Calculate u(-428).
-5
Let x(w) = -w**3 + 4458*w**2 + 35695*w + 49. Determine x(-8).
313
Let q(c) = c**3 - 9*c**2 - 14*c - 30. What is q(-9)?
-1362
Let f(k) = -k**2 - 108*k + 55757. Calculate f(-297).
-376
Let c(o) = -2*o**3 - 85*o**2 - 142*o - 540. Give c(-41).
239
Let c(d) = d**3 + 3*d**2 - 77*d + 66. Determine c(-16).
-2030
Let y(v) = -2*v**2 - 2